{"id":16,"date":"2022-10-09T18:19:34","date_gmt":"2022-10-09T18:19:34","guid":{"rendered":"http:\/\/www.pflegedienst-strigan.de\/?page_id=16"},"modified":"2022-10-31T22:48:16","modified_gmt":"2022-10-31T22:48:16","slug":"pflegedienst-strigan","status":"publish","type":"page","link":"http:\/\/www.pflegedienst-strigan.de\/","title":{"rendered":"Pflegedienst Strigan"},"content":{"rendered":"<section class=\"l-section wpb_row us_custom_3491916d height_auto width_full\"><div class=\"l-section-h i-cf\"><div class=\"g-cols vc_row via_grid cols_1 laptops-cols_inherit tablets-cols_inherit mobiles-cols_1 valign_top type_default stacking_default\"><div class=\"wpb_column vc_column_container\"><div class=\"vc_column-inner\"><div class=\"w-slider us_custom_7c605215 hide_on_mobiles style_none fit_scaledown nav_none count_1\"><div class=\"w-slider-h\"><div class=\"royalSlider\"><div class=\"rsContent\"><a class=\"rsImg\" data-rsw=\"4750\" data-rsh=\"1667\" href=\"http:\/\/www.pflegedienst-strigan.de\/wp-content\/uploads\/Slide5b.png\"><span data-alt=\"\"><\/span><\/a><\/div><\/div><img decoding=\"async\" src=\"http:\/\/www.pflegedienst-strigan.de\/wp-content\/uploads\/Slide5b.png\" width=\"4750\" height=\"1667\" alt loading=\"lazy\"><\/div><div class=\"w-slider-json\" onclick='return {&quot;autoScaleSlider&quot;:true,&quot;addActiveClass&quot;:true,&quot;loop&quot;:true,&quot;fadeInLoadedSlide&quot;:false,&quot;slidesSpacing&quot;:0,&quot;imageScalePadding&quot;:0,&quot;numImagesToPreload&quot;:2,&quot;arrowsNav&quot;:false,&quot;arrowsNavAutoHide&quot;:false,&quot;transitionType&quot;:&quot;move&quot;,&quot;transitionSpeed&quot;:250,&quot;block&quot;:{&quot;moveEffect&quot;:&quot;none&quot;,&quot;speed&quot;:300},&quot;thumbs&quot;:{&quot;fitInViewport&quot;:false,&quot;firstMargin&quot;:false,&quot;spacing&quot;:4},&quot;controlNavigation&quot;:&quot;none&quot;,&quot;autoplay&quot;:{&quot;enabled&quot;:true,&quot;pauseOnHover&quot;:true,&quot;delay&quot;:5000},&quot;autoScaleSliderWidth&quot;:4750,&quot;autoScaleSliderHeight&quot;:1667}'><\/div><\/div><\/div><\/div><\/div><\/div><\/section><section class=\"l-section wpb_row us_custom_eac59c77 height_small\"><div class=\"l-section-h i-cf\"><div class=\"g-cols vc_row via_grid cols_1 laptops-cols_inherit tablets-cols_inherit mobiles-cols_1 valign_top type_default stacking_default\"><div class=\"wpb_column vc_column_container\"><div class=\"vc_column-inner\">[vc_custom_heading text=&#8220;Unser Pflegedienst&#8220; use_theme_fonts=&#8220;yes&#8220;]<div class=\"wpb_text_column\"><div class=\"wpb_wrapper\"><p>Aus dem Anliegen kranken und alten Menschen die M\u00f6glichkeit zu geben in Ihrer gewohnten h\u00e4uslichen Umgebung bleiben zu k\u00f6nnen, wenn sie sich selbst nicht mehr versorgen k\u00f6nnen, wurde am 01.07.1993 der H\u00e4usliche Krankenpflegedienst Strigan gegr\u00fcndet.<\/p>\n<p>Betreute am Anfang Ingeborg Strigan ihre Patienten vorwiegend selbst, sind es inzwischen \u00fcber 25 Krankenschwestern, Altenpflegerinnen und Hauswirtschafterinnen, die eine umfassende ganzheitliche Pflege und Betreuung gew\u00e4hrleisten.<\/p>\n<p>Wir helfen gern.<\/p>\n<p>Der Pflegedienst Strigan ist im Umkreis der St\u00e4dte Geithain und Rochlitz f\u00fcr Sie da.<\/p>\n<p>Mit liebevoller Pflege und einem hohem Ma\u00df an Professionalit\u00e4t sichern wir die fachgerechte Kranken- und Altenpflege. Der Patient steht dabei immer im Mittelpunkt unseres Handelns.<\/p>\n<p>Wir orientieren uns an einem ganzheitlichen Menschenbild. Wir pflegen nach dem Pflegemodell der Liliane Juchli auf der Grundlage der Aktivit\u00e4ten des t\u00e4glichen Lebens. Durch st\u00e4ndige Weiterbildung sichern wir die hohe Qualit\u00e4t der Pflege. Angeh\u00f6rige, \u00c4rzte, Freunde und Nachbarn werden mit in die Pflege einbezogen.<\/p>\n<\/div><\/div><\/div><\/div><\/div><\/div><\/section><section class=\"l-section wpb_row us_custom_6b9faf40 height_small\"><div class=\"l-section-h i-cf\"><div class=\"g-cols vc_row via_grid cols_4 laptops-cols_inherit tablets-cols_inherit mobiles-cols_1 valign_top type_default stacking_default\" style=\"--gap:calc(3rem + 20);\"><div class=\"wpb_column vc_column_container us_custom_80e195a5\"><div class=\"vc_column-inner\"><div class=\"w-vwrapper us_custom_cf52aa04 align_none valign_top\"><div class=\"w-image us_custom_9cf479d2 align_center\"><div class=\"w-image-h\"><img decoding=\"async\" width=\"300\" height=\"300\" src=\"http:\/\/www.pflegedienst-strigan.de\/wp-content\/uploads\/B001.png\" class=\"attachment-full size-full\" alt=\"\" loading=\"lazy\" srcset=\"http:\/\/www.pflegedienst-strigan.de\/wp-content\/uploads\/B001.png 300w, http:\/\/www.pflegedienst-strigan.de\/wp-content\/uploads\/B001-150x150.png 150w\" sizes=\"auto, (max-width: 300px) 100vw, 300px\" \/><\/div><\/div><div class=\"wpb_text_column\"><div class=\"wpb_wrapper\"><h3 style=\"text-align: center;\">Beratung<\/h3>\n<\/div><\/div><div class=\"wpb_text_column\"><div class=\"wpb_wrapper\"><p style=\"text-align: center;\">Wir beraten Sie unverbindlich \u00fcber Pflegeleistungen in einem Erstgespr\u00e4ch.<br \/>\nAuch Pflichtberatung nach dem Pflegeversicherungsgesetz f\u00fchren wir durch.<br \/>\nSprechen Sie uns an!<\/p>\n<\/div><\/div><div class=\"w-btn-wrapper align_center\"><a class=\"w-btn us-btn-style_2 icon_atleft\" title=\"Leistungen\" href=\"http:\/\/www.pflegedienst-strigan.de\/?page_id=128\"><i class=\"fas fa-plus-square\"><\/i><span class=\"w-btn-label\">mehr erfahren&#8230;<\/span><\/a><\/div><\/div><\/div><\/div><div class=\"wpb_column vc_column_container us_custom_9a922aa4\"><div class=\"vc_column-inner\"><div class=\"w-vwrapper us_custom_cf52aa04 align_none valign_top\"><div class=\"w-image us_custom_9cf479d2 align_center\"><div class=\"w-image-h\"><img decoding=\"async\" width=\"300\" height=\"300\" src=\"http:\/\/www.pflegedienst-strigan.de\/wp-content\/uploads\/B002.png\" class=\"attachment-full size-full\" alt=\"\" loading=\"lazy\" srcset=\"http:\/\/www.pflegedienst-strigan.de\/wp-content\/uploads\/B002.png 300w, http:\/\/www.pflegedienst-strigan.de\/wp-content\/uploads\/B002-150x150.png 150w\" sizes=\"auto, (max-width: 300px) 100vw, 300px\" \/><\/div><\/div><div class=\"wpb_text_column\"><div class=\"wpb_wrapper\"><h3 style=\"text-align: center;\">Leistungen<\/h3>\n<\/div><\/div><div class=\"wpb_text_column\"><div class=\"wpb_wrapper\"><p style=\"text-align: center;\">Wir erbringen alle Leistungen der Pflegeversicherung und der Krankenversicherung.<\/p>\n<\/div><\/div><div class=\"w-btn-wrapper align_center\"><a class=\"w-btn us-btn-style_2 icon_atleft\" title=\"Leistungen\" href=\"http:\/\/www.pflegedienst-strigan.de\/?page_id=128\"><i class=\"fas fa-plus-square\"><\/i><span class=\"w-btn-label\">mehr erfahren&#8230;<\/span><\/a><\/div><\/div><\/div><\/div><div class=\"wpb_column vc_column_container\"><div class=\"vc_column-inner\"><div class=\"w-vwrapper us_custom_cf52aa04 align_none valign_top\"><div class=\"w-image us_custom_9cf479d2 align_center\"><div class=\"w-image-h\"><img decoding=\"async\" width=\"300\" height=\"300\" src=\"http:\/\/www.pflegedienst-strigan.de\/wp-content\/uploads\/B003.png\" class=\"attachment-full size-full\" alt=\"\" loading=\"lazy\" srcset=\"http:\/\/www.pflegedienst-strigan.de\/wp-content\/uploads\/B003.png 300w, http:\/\/www.pflegedienst-strigan.de\/wp-content\/uploads\/B003-150x150.png 150w\" sizes=\"auto, (max-width: 300px) 100vw, 300px\" \/><\/div><\/div><div class=\"wpb_text_column\"><div class=\"wpb_wrapper\"><h3 style=\"text-align: center;\">Qualit\u00e4t<\/h3>\n<\/div><\/div><div class=\"wpb_text_column\"><div class=\"wpb_wrapper\"><p style=\"text-align: center;\">Mit liebevoller Pflege und einem hohen Ma\u00df an Professionalit\u00e4t sichern wir die fachgerechte Kranken- und Altenpflege.<br \/>\nUnsere Grunds\u00e4tze sind im Pflegeleitbild zusammengefasst.<\/p>\n<\/div><\/div><div class=\"w-btn-wrapper align_center\"><a class=\"w-btn us-btn-style_2 icon_atleft\" title=\"Pflegeleitbild\" href=\"http:\/\/www.pflegedienst-strigan.de\/?page_id=126\"><i class=\"fas fa-plus-square\"><\/i><span class=\"w-btn-label\">mehr erfahren&#8230;<\/span><\/a><\/div><\/div><\/div><\/div><div class=\"wpb_column vc_column_container\"><div class=\"vc_column-inner\"><div class=\"w-vwrapper us_custom_cf52aa04 align_none valign_top\"><div class=\"w-image us_custom_9cf479d2 align_center\"><div class=\"w-image-h\"><img decoding=\"async\" width=\"300\" height=\"300\" src=\"http:\/\/www.pflegedienst-strigan.de\/wp-content\/uploads\/B007I.png\" class=\"attachment-full size-full\" alt=\"\" loading=\"lazy\" srcset=\"http:\/\/www.pflegedienst-strigan.de\/wp-content\/uploads\/B007I.png 300w, http:\/\/www.pflegedienst-strigan.de\/wp-content\/uploads\/B007I-150x150.png 150w\" sizes=\"auto, (max-width: 300px) 100vw, 300px\" \/><\/div><\/div><div class=\"wpb_text_column\"><div class=\"wpb_wrapper\"><h3 style=\"text-align: center;\">Ansprechpartner<\/h3>\n<\/div><\/div><div class=\"wpb_text_column\"><div class=\"wpb_wrapper\"><p style=\"text-align: center;\">Sie k\u00f6nnen uns 24\/7 erreichen.<\/p>\n<\/div><\/div><div class=\"w-btn-wrapper align_center\"><a class=\"w-btn us-btn-style_2 icon_atleft\" title=\"Kontakt\" href=\"http:\/\/www.pflegedienst-strigan.de\/?page_id=132\"><i class=\"fas fa-plus-square\"><\/i><span class=\"w-btn-label\">mehr erfahren&#8230;<\/span><\/a><\/div><\/div><\/div><\/div><\/div><\/div><\/section>\n","protected":false},"excerpt":{"rendered":"[vc_custom_heading text=\"Unser Pflegedienst\" use_theme_fonts=\"yes\"]Aus dem Anliegen kranken und alten Menschen die M\u00f6glichkeit zu geben in Ihrer gewohnten h\u00e4uslichen Umgebung bleiben zu k\u00f6nnen, wenn sie sich selbst nicht mehr versorgen k\u00f6nnen, wurde am 01.07.1993 der H\u00e4usliche Krankenpflegedienst Strigan gegr\u00fcndet. Betreute am Anfang Ingeborg Strigan ihre Patienten vorwiegend selbst, sind es inzwischen \u00fcber 25 Krankenschwestern, Altenpflegerinnen und...","protected":false},"author":1,"featured_media":0,"parent":0,"menu_order":0,"comment_status":"closed","ping_status":"closed","template":"","meta":{"footnotes":""},"class_list":["post-16","page","type-page","status-publish","hentry"],"_links":{"self":[{"href":"http:\/\/www.pflegedienst-strigan.de\/index.php?rest_route=\/wp\/v2\/pages\/16","targetHints":{"allow":["GET"]}}],"collection":[{"href":"http:\/\/www.pflegedienst-strigan.de\/index.php?rest_route=\/wp\/v2\/pages"}],"about":[{"href":"http:\/\/www.pflegedienst-strigan.de\/index.php?rest_route=\/wp\/v2\/types\/page"}],"author":[{"embeddable":true,"href":"http:\/\/www.pflegedienst-strigan.de\/index.php?rest_route=\/wp\/v2\/users\/1"}],"replies":[{"embeddable":true,"href":"http:\/\/www.pflegedienst-strigan.de\/index.php?rest_route=%2Fwp%2Fv2%2Fcomments&post=16"}],"version-history":[{"count":90,"href":"http:\/\/www.pflegedienst-strigan.de\/index.php?rest_route=\/wp\/v2\/pages\/16\/revisions"}],"predecessor-version":[{"id":331,"href":"http:\/\/www.pflegedienst-strigan.de\/index.php?rest_route=\/wp\/v2\/pages\/16\/revisions\/331"}],"wp:attachment":[{"href":"http:\/\/www.pflegedienst-strigan.de\/index.php?rest_route=%2Fwp%2Fv2%2Fmedia&parent=16"}],"curies":[{"name":"wp","href":"https:\/\/api.w.org\/{rel}","templated":true}]}}

<section class="l-section wpb_row us_custom_3491916d height_auto width_full"><div class="l-section-h i-cf"><div class="g-cols vc_row via_grid cols_1 laptops-cols_inherit tablets-cols_inherit mobiles-cols_1 valign_top type_default stacking_default"><div class="wpb_column vc_column_container"><div class="vc_column-inner"><div class="w-slider us_custom_7c605215 hide_on_mobiles style_none fit_scaledown nav_none count_1"><div class="w-slider-h"><div class="royalSlider"><div class="rsContent"><a class="rsImg" data-rsw="4750" data-rsh="1667" href="http://www.pflegedienst-strigan.de/wp-content/uploads/Slide5b.png"><span data-alt=""></span></a></div></div><img decoding="async" src="http://www.pflegedienst-strigan.de/wp-content/uploads/Slide5b.png" width="4750" height="1667" alt loading="lazy"></div><div class="w-slider-json" onclick='return {&quot;autoScaleSlider&quot;:true,&quot;addActiveClass&quot;:true,&quot;loop&quot;:true,&quot;fadeInLoadedSlide&quot;:false,&quot;slidesSpacing&quot;:0,&quot;imageScalePadding&quot;:0,&quot;numImagesToPreload&quot;:2,&quot;arrowsNav&quot;:false,&quot;arrowsNavAutoHide&quot;:false,&quot;transitionType&quot;:&quot;move&quot;,&quot;transitionSpeed&quot;:250,&quot;block&quot;:{&quot;moveEffect&quot;:&quot;none&quot;,&quot;speed&quot;:300},&quot;thumbs&quot;:{&quot;fitInViewport&quot;:false,&quot;firstMargin&quot;:false,&quot;spacing&quot;:4},&quot;controlNavigation&quot;:&quot;none&quot;,&quot;autoplay&quot;:{&quot;enabled&quot;:true,&quot;pauseOnHover&quot;:true,&quot;delay&quot;:5000},&quot;autoScaleSliderWidth&quot;:4750,&quot;autoScaleSliderHeight&quot;:1667}'></div></div></div></div></div></div></section><section class="l-section wpb_row us_custom_eac59c77 height_small"><div class="l-section-h i-cf"><div class="g-cols vc_row via_grid cols_1 laptops-cols_inherit tablets-cols_inherit mobiles-cols_1 valign_top type_default stacking_default"><div class="wpb_column vc_column_container"><div class="vc_column-inner">[vc_custom_heading text=&#8220;Unser Pflegedienst&#8220; use_theme_fonts=&#8220;yes&#8220;]<div class="wpb_text_column"><div class="wpb_wrapper"><p>Aus dem Anliegen kranken und alten Menschen die Möglichkeit zu geben in Ihrer gewohnten häuslichen Umgebung bleiben zu können, wenn sie sich selbst nicht mehr versorgen können, wurde am 01.07.1993 der Häusliche Krankenpflegedienst Strigan gegründet.</p>
<p>Betreute am Anfang Ingeborg Strigan ihre Patienten vorwiegend selbst, sind es inzwischen über 25 Krankenschwestern, Altenpflegerinnen und Hauswirtschafterinnen, die eine umfassende ganzheitliche Pflege und Betreuung gewährleisten.</p>
<p>Wir helfen gern.</p>
<p>Der Pflegedienst Strigan ist im Umkreis der Städte Geithain und Rochlitz für Sie da.</p>
<p>Mit liebevoller Pflege und einem hohem Maß an Professionalität sichern wir die fachgerechte Kranken- und Altenpflege. Der Patient steht dabei immer im Mittelpunkt unseres Handelns.</p>
<p>Wir orientieren uns an einem ganzheitlichen Menschenbild. Wir pflegen nach dem Pflegemodell der Liliane Juchli auf der Grundlage der Aktivitäten des täglichen Lebens. Durch ständige Weiterbildung sichern wir die hohe Qualität der Pflege. Angehörige, Ärzte, Freunde und Nachbarn werden mit in die Pflege einbezogen.</p>
</div></div></div></div></div></div></section><section class="l-section wpb_row us_custom_6b9faf40 height_small"><div class="l-section-h i-cf"><div class="g-cols vc_row via_grid cols_4 laptops-cols_inherit tablets-cols_inherit mobiles-cols_1 valign_top type_default stacking_default" style="--gap:calc(3rem + 20);"><div class="wpb_column vc_column_container us_custom_80e195a5"><div class="vc_column-inner"><div class="w-vwrapper us_custom_cf52aa04 align_none valign_top"><div class="w-image us_custom_9cf479d2 align_center"><div class="w-image-h"><img decoding="async" width="300" height="300" src="http://www.pflegedienst-strigan.de/wp-content/uploads/B001.png" class="attachment-full size-full" alt="" loading="lazy" srcset="http://www.pflegedienst-strigan.de/wp-content/uploads/B001.png 300w, http://www.pflegedienst-strigan.de/wp-content/uploads/B001-150x150.png 150w" sizes="auto, (max-width: 300px) 100vw, 300px" /></div></div><div class="wpb_text_column"><div class="wpb_wrapper"><h3 style="text-align: center;">Beratung</h3>
</div></div><div class="wpb_text_column"><div class="wpb_wrapper"><p style="text-align: center;">Wir beraten Sie unverbindlich über Pflegeleistungen in einem Erstgespräch.<br />
Auch Pflichtberatung nach dem Pflegeversicherungsgesetz führen wir durch.<br />
Sprechen Sie uns an!</p>
</div></div><div class="w-btn-wrapper align_center"><a class="w-btn us-btn-style_2 icon_atleft" title="Leistungen" href="http://www.pflegedienst-strigan.de/?page_id=128"><i class="fas fa-plus-square"></i><span class="w-btn-label">mehr erfahren&#8230;</span></a></div></div></div></div><div class="wpb_column vc_column_container us_custom_9a922aa4"><div class="vc_column-inner"><div class="w-vwrapper us_custom_cf52aa04 align_none valign_top"><div class="w-image us_custom_9cf479d2 align_center"><div class="w-image-h"><img decoding="async" width="300" height="300" src="http://www.pflegedienst-strigan.de/wp-content/uploads/B002.png" class="attachment-full size-full" alt="" loading="lazy" srcset="http://www.pflegedienst-strigan.de/wp-content/uploads/B002.png 300w, http://www.pflegedienst-strigan.de/wp-content/uploads/B002-150x150.png 150w" sizes="auto, (max-width: 300px) 100vw, 300px" /></div></div><div class="wpb_text_column"><div class="wpb_wrapper"><h3 style="text-align: center;">Leistungen</h3>
</div></div><div class="wpb_text_column"><div class="wpb_wrapper"><p style="text-align: center;">Wir erbringen alle Leistungen der Pflegeversicherung und der Krankenversicherung.</p>
</div></div><div class="w-btn-wrapper align_center"><a class="w-btn us-btn-style_2 icon_atleft" title="Leistungen" href="http://www.pflegedienst-strigan.de/?page_id=128"><i class="fas fa-plus-square"></i><span class="w-btn-label">mehr erfahren&#8230;</span></a></div></div></div></div><div class="wpb_column vc_column_container"><div class="vc_column-inner"><div class="w-vwrapper us_custom_cf52aa04 align_none valign_top"><div class="w-image us_custom_9cf479d2 align_center"><div class="w-image-h"><img decoding="async" width="300" height="300" src="http://www.pflegedienst-strigan.de/wp-content/uploads/B003.png" class="attachment-full size-full" alt="" loading="lazy" srcset="http://www.pflegedienst-strigan.de/wp-content/uploads/B003.png 300w, http://www.pflegedienst-strigan.de/wp-content/uploads/B003-150x150.png 150w" sizes="auto, (max-width: 300px) 100vw, 300px" /></div></div><div class="wpb_text_column"><div class="wpb_wrapper"><h3 style="text-align: center;">Qualität</h3>
</div></div><div class="wpb_text_column"><div class="wpb_wrapper"><p style="text-align: center;">Mit liebevoller Pflege und einem hohen Maß an Professionalität sichern wir die fachgerechte Kranken- und Altenpflege.<br />
Unsere Grundsätze sind im Pflegeleitbild zusammengefasst.</p>
</div></div><div class="w-btn-wrapper align_center"><a class="w-btn us-btn-style_2 icon_atleft" title="Pflegeleitbild" href="http://www.pflegedienst-strigan.de/?page_id=126"><i class="fas fa-plus-square"></i><span class="w-btn-label">mehr erfahren&#8230;</span></a></div></div></div></div><div class="wpb_column vc_column_container"><div class="vc_column-inner"><div class="w-vwrapper us_custom_cf52aa04 align_none valign_top"><div class="w-image us_custom_9cf479d2 align_center"><div class="w-image-h"><img decoding="async" width="300" height="300" src="http://www.pflegedienst-strigan.de/wp-content/uploads/B007I.png" class="attachment-full size-full" alt="" loading="lazy" srcset="http://www.pflegedienst-strigan.de/wp-content/uploads/B007I.png 300w, http://www.pflegedienst-strigan.de/wp-content/uploads/B007I-150x150.png 150w" sizes="auto, (max-width: 300px) 100vw, 300px" /></div></div><div class="wpb_text_column"><div class="wpb_wrapper"><h3 style="text-align: center;">Ansprechpartner</h3>
</div></div><div class="wpb_text_column"><div class="wpb_wrapper"><p style="text-align: center;">Sie können uns 24/7 erreichen.</p>
</div></div><div class="w-btn-wrapper align_center"><a class="w-btn us-btn-style_2 icon_atleft" title="Kontakt" href="http://www.pflegedienst-strigan.de/?page_id=132"><i class="fas fa-plus-square"></i><span class="w-btn-label">mehr erfahren&#8230;</span></a></div></div></div></div></div></div></section>

[vc_custom_heading text="Unser Pflegedienst" use_theme_fonts="yes"]Aus dem Anliegen kranken und alten Menschen die Möglichkeit zu geben in Ihrer gewohnten häuslichen Umgebung bleiben zu können, wenn sie sich selbst nicht mehr versorgen können, wurde am 01.07.1993 der Häusliche Krankenpflegedienst Strigan gegründet. Betreute am Anfang Ingeborg Strigan ihre Patienten vorwiegend selbst, sind es inzwischen über 25 Krankenschwestern, Altenpflegerinnen und...
