{"id":130,"date":"2022-10-09T18:12:37","date_gmt":"2022-10-09T18:12:37","guid":{"rendered":"http:\/\/www.pflegedienst-strigan.de\/?page_id=130"},"modified":"2026-03-17T21:08:40","modified_gmt":"2026-03-17T21:08:40","slug":"jobs","status":"publish","type":"page","link":"http:\/\/www.pflegedienst-strigan.de\/?page_id=130","title":{"rendered":"Jobs"},"content":{"rendered":"<section class=\"l-section wpb_row us_custom_297f3d2a has_text_color height_small\"><div class=\"l-section-h i-cf\"><div class=\"g-cols vc_row via_grid cols_1 laptops-cols_inherit tablets-cols_inherit mobiles-cols_1 valign_top type_default stacking_default\"><div class=\"wpb_column vc_column_container\"><div class=\"vc_column-inner\"><div class=\"wpb_text_column\"><div class=\"wpb_wrapper\"><h2>Stellenangebote Fach- &amp; Hilfskr\u00e4fte<\/h2>\n<\/div><\/div><\/div><\/div><\/div><\/div><\/section><section class=\"l-section wpb_row us_custom_eac59c77 height_small\"><div class=\"l-section-h i-cf\"><div class=\"g-cols vc_row via_grid cols_1 laptops-cols_inherit tablets-cols_inherit mobiles-cols_1 valign_top type_default stacking_default\"><div class=\"wpb_column vc_column_container\"><div class=\"vc_column-inner\"><div class=\"wpb_text_column\"><div class=\"wpb_wrapper\"><p>Wir suchen zum sofortigen Beginn f\u00fcr unseren ambulanten Pflegedienst im Raum Geithain und Rochlitz:<\/p>\n<h3><strong>Pflegefachkraft m\/w\/d<\/strong><\/h3>\n<\/div><\/div><div class=\"g-cols wpb_row via_grid cols_2 laptops-cols_inherit tablets-cols_inherit mobiles-cols_1 valign_top type_default stacking_default\" style=\"--gap:3rem;\"><div class=\"wpb_column vc_column_container\"><div class=\"vc_column-inner\"><div class=\"wpb_text_column\"><div class=\"wpb_wrapper\"><h4>Voraussetzungen sind:<\/h4>\n<\/div><\/div><div class=\"wpb_text_column us_custom_2ae65f69\"><div class=\"wpb_wrapper\"><ul>\n<li>Abschluss als Altenpfleger\/in oder Gesundheits- und Krankenpfleger\/in mit staatlicher Anerkennung<\/li>\n<li>F\u00fchrerschein Klasse B oder 3 (PKW)<\/li>\n<li>Bereitschaft zum Schichtdienst<\/li>\n<li>Teamf\u00e4higkeit, Belastbarkeit und Zuverl\u00e4ssigkeit<\/li>\n<li>Sie werden in der ambulanten Pflege im 2-Schichtsystem mit flexiblen Arbeitszeiten eingesetzt.<\/li>\n<\/ul>\n<\/div><\/div><\/div><\/div><div class=\"wpb_column vc_column_container\"><div class=\"vc_column-inner\"><div class=\"wpb_text_column\"><div class=\"wpb_wrapper\"><h4>Sie erwartet:<\/h4>\n<\/div><\/div><div class=\"wpb_text_column us_custom_2ae65f69\"><div class=\"wpb_wrapper\"><ul>\n<li>einen vielseitigen und abwechslungsreichen Aufgabenbereich<\/li>\n<li>ein aufgeschlossenes und kooperatives Arbeitsklima in einem motivierten Team<\/li>\n<li>Wir arbeiten nach neusten pflegefachlichen Erkenntnissen.<\/li>\n<li>Wir bieten eine leistungsgerechte Bezahlung, Weiterbildungsm\u00f6glichkeiten, sowie Zuschuss zum Kindergartenbeitrag.<\/li>\n<\/ul>\n<\/div><\/div><\/div><\/div><\/div><\/div><\/div><\/div><\/div><\/section><section class=\"l-section wpb_row height_small\"><div class=\"l-section-h i-cf\"><div class=\"g-cols vc_row via_grid cols_1 laptops-cols_inherit tablets-cols_inherit mobiles-cols_1 valign_top type_default stacking_default\"><div class=\"wpb_column vc_column_container\"><div class=\"vc_column-inner\"><div class=\"wpb_text_column\"><div class=\"wpb_wrapper\"><h3><strong>Pflegehilfskraft (m\/w\/d) in der ambulanten Pflege<\/strong><\/h3>\n<\/div><\/div><div class=\"g-cols wpb_row via_grid cols_2 laptops-cols_inherit tablets-cols_inherit mobiles-cols_1 valign_top type_default stacking_default\" style=\"--gap:3rem;\"><div class=\"wpb_column vc_column_container\"><div class=\"vc_column-inner\"><div class=\"wpb_text_column\"><div class=\"wpb_wrapper\"><h4>Voraussetzungen sind:<\/h4>\n<\/div><\/div><div class=\"wpb_text_column us_custom_2ae65f69\"><div class=\"wpb_wrapper\"><ul>\n<li>Freude an der Arbeit mit \u00e4lteren und pflegebed\u00fcrftigen Menschen<\/li>\n<li>F\u00fchrerschein Klasse B oder 3 (PKW)<\/li>\n<li>Bereitschaft zum Schichtdienst<\/li>\n<li>Teamf\u00e4higkeit, Belastbarkeit, Zuverl\u00e4ssigkeit,\u00a0Verantwortungsbewusstsein<\/li>\n<li>Sie werden in der ambulanten Pflege im 2-Schichtsystem mit flexiblen Arbeitszeiten eingesetzt.<\/li>\n<\/ul>\n<\/div><\/div><\/div><\/div><div class=\"wpb_column vc_column_container\"><div class=\"vc_column-inner\"><div class=\"wpb_text_column\"><div class=\"wpb_wrapper\"><h4>Sie erwartet:<\/h4>\n<\/div><\/div><div class=\"wpb_text_column us_custom_2ae65f69\"><div class=\"wpb_wrapper\"><ul>\n<li>einen vielseitigen und abwechslungsreichen Aufgabenbereich<\/li>\n<li>ein aufgeschlossenes und kooperatives Arbeitsklima in einem motivierten Team<\/li>\n<li>Wir arbeiten nach neusten pflegefachlichen Erkenntnissen.<\/li>\n<li>Wir bieten eine leistungsgerechte tarifliche Bezahlung,<\/li>\n<li>Weiterbildungsm\u00f6glichkeiten,<\/li>\n<li>sowie Zuschuss zum Kindergartenbeitrag.<\/li>\n<\/ul>\n<\/div><\/div><\/div><\/div><\/div><\/div><\/div><\/div><\/div><\/section><section class=\"l-section wpb_row height_small\"><div class=\"l-section-h i-cf\"><div class=\"g-cols vc_row via_grid cols_1 laptops-cols_inherit tablets-cols_inherit mobiles-cols_1 valign_top type_default stacking_default\"><div class=\"wpb_column vc_column_container\"><div class=\"vc_column-inner\"><div class=\"g-cols wpb_row via_grid cols_1 laptops-cols_inherit tablets-cols_inherit mobiles-cols_1 valign_top type_default stacking_default\" style=\"--gap:3rem;\"><div class=\"wpb_column vc_column_container\"><div class=\"vc_column-inner\"><div class=\"wpb_text_column\"><div class=\"wpb_wrapper\"><p>Sollten Sie Interesse haben mit uns zusammenzuarbeiten und folgende Eigenschaften mitbringen, z\u00f6gern Sie nicht uns Ihre Bewerbung zuzusenden.<\/p>\n<p style=\"text-align: left;\">per EMail an:<br \/>\n<a href=\"mailto:bewerbung@pflegedienst-strigan.de\" target=\"_blank\" rel=\"noopener\"><strong>bewerbung@pflegedienst-strigan.de<\/strong><\/a><br \/>\noder per Post an:<br \/>\n<strong>Pflegedienst Strigan GmbH<\/strong><br \/>\n<strong>Bahnhofstra\u00dfe 2, 04643 Geithain<\/strong><\/p>\n<\/div><\/div><\/div><\/div><\/div><\/div><\/div><\/div><\/div><\/section><section class=\"l-section wpb_row us_custom_9ccc05f2 height_small\"><div class=\"l-section-h i-cf\"><div class=\"g-cols vc_row via_grid cols_1 laptops-cols_inherit tablets-cols_inherit mobiles-cols_1 valign_top type_default stacking_default\"><div class=\"wpb_column vc_column_container\"><div class=\"vc_column-inner\"><div class=\"wpb_text_column us_custom_8b3d6790 has_text_color\"><div class=\"wpb_wrapper\"><h2 style=\"text-align: left;\">Wir bilden aus!<\/h2>\n<\/div><\/div><\/div><\/div><\/div><\/div><\/section><section class=\"l-section wpb_row us_custom_eac59c77 height_small\"><div class=\"l-section-h i-cf\"><div class=\"g-cols vc_row via_grid cols_1 laptops-cols_inherit tablets-cols_inherit mobiles-cols_1 valign_top type_default stacking_default\"><div class=\"wpb_column vc_column_container\"><div class=\"vc_column-inner\"><div class=\"wpb_text_column\"><div class=\"wpb_wrapper\"><p>Die generalisierte Pflegeausbildung f\u00fchrt die bisherigen Ausbildungen der Gesundheits- und Krankenpflege, Kinderkrankenpflege und Altenpflege zusammen.<\/p>\n<h3><strong>Ausbildung Pflegefachkraft m\/w\/d (Beginn 09\/2026)<\/strong><\/h3>\n<\/div><\/div><div class=\"g-cols wpb_row us_custom_b9d7d3f0 via_grid cols_2 laptops-cols_inherit tablets-cols_inherit mobiles-cols_1 valign_top type_default stacking_default\" style=\"--gap:3rem;\"><div class=\"wpb_column vc_column_container\"><div class=\"vc_column-inner\"><div class=\"wpb_text_column\"><div class=\"wpb_wrapper\"><h4>Voraussetzungen sind:<\/h4>\n<\/div><\/div><div class=\"wpb_text_column us_custom_2ae65f69\"><div class=\"wpb_wrapper\"><ul>\n<li>Teamf\u00e4higkeit, Belastbarkeit und Zuverl\u00e4ssigkeit<\/li>\n<li>Freude an der Arbeit mit \u00e4lteren und pflegebed\u00fcrftigen Menschen.<\/li>\n<li>Verantwortungsbewusstsein<\/li>\n<li>aufgeschlossene Pers\u00f6nlichkeit<\/li>\n<\/ul>\n<\/div><\/div><\/div><\/div><div class=\"wpb_column vc_column_container\"><div class=\"vc_column-inner\"><div class=\"wpb_text_column\"><div class=\"wpb_wrapper\"><h4>Dich erwartet:<\/h4>\n<\/div><\/div><div class=\"wpb_text_column us_custom_2ae65f69\"><div class=\"wpb_wrapper\"><ul>\n<li>Die vielseitige und abwechslungsreiche Ausbildung erfolgt in einem Wechsel von Theorie und Praxis und dauert 3 Jahre.<\/li>\n<li>In der theoretischen Ausbildung werden Kenntnisse der Gesundheits- und Krankenpflege, der Pflege- und Gesundheitswissenschaften, der Natur-, Geistes- und Sozialwissenschaften sowie relevante Kenntnisse aus Recht, Politik und Wirtschaft vermittelt.<\/li>\n<li>Die praktische Ausbildung absolvierst Du schwerpunktm\u00e4\u00dfig in unserem Pflegedienst in Geithain, durch den Einsatz in der ambulanten (h\u00e4uslichen) Pflege. Zus\u00e4tzlich f\u00fcr spezifische Themen in einem Krankenhaus, Kindergarten und Pflegeheim.<\/li>\n<li>Unterst\u00fctzung w\u00e4hrend der Einarbeitung und die didaktische Vermittlung von Ausbildungsinhalten, erh\u00e4ltst du vollumf\u00e4nglich durch unsere erfahrenen Praxisanleiter.<\/li>\n<\/ul>\n<\/div><\/div><\/div><\/div><\/div><\/div><\/div><\/div><\/div><\/section><section class=\"l-section wpb_row us_custom_eac59c77 height_small\"><div class=\"l-section-h i-cf\"><div class=\"g-cols vc_row via_grid cols_1 laptops-cols_inherit tablets-cols_inherit mobiles-cols_1 valign_top type_default stacking_default\"><div class=\"wpb_column vc_column_container\"><div class=\"vc_column-inner\"><div class=\"wpb_text_column us_custom_3fbe2def\"><div class=\"wpb_wrapper\"><h4 style=\"text-align: center;\">Du m\u00f6chtest die Weichen f\u00fcr deine Zukunft stellen?<br \/>\nDann werde Teil unseres professionellen Pflegeteams und profitiere von unserem famili\u00e4ren Arbeitsumfeld.<\/h4>\n<\/div><\/div><\/div><\/div><\/div><\/div><\/section><section class=\"l-section wpb_row us_custom_9ccc05f2 height_small\"><div class=\"l-section-h i-cf\"><div class=\"g-cols vc_row via_grid cols_1 laptops-cols_inherit tablets-cols_inherit mobiles-cols_1 valign_top type_default stacking_default\"><div class=\"wpb_column vc_column_container\"><div class=\"vc_column-inner\"><div class=\"wpb_text_column us_custom_8b3d6790 has_text_color\"><div class=\"wpb_wrapper\"><h4 style=\"text-align: center;\">Bei uns triffst Du auf Kollegen, die f\u00fcreinander da sind und stets das Ziel der bestm\u00f6glichen Patientenversorgung, getreu unserem Slogan \u201ePflege mit Herz\u201c, verfolgen.<\/h4>\n<\/div><\/div><\/div><\/div><\/div><\/div><\/section><section class=\"l-section wpb_row height_small\"><div class=\"l-section-h i-cf\"><div class=\"g-cols vc_row via_grid cols_1 laptops-cols_inherit tablets-cols_inherit mobiles-cols_1 valign_top type_default stacking_default\"><div class=\"wpb_column vc_column_container\"><div class=\"vc_column-inner\"><div class=\"g-cols wpb_row via_grid cols_1 laptops-cols_inherit tablets-cols_inherit mobiles-cols_1 valign_top type_default stacking_default\" style=\"--gap:3rem;\"><div class=\"wpb_column vc_column_container\"><div class=\"vc_column-inner\"><div class=\"wpb_text_column\"><div class=\"wpb_wrapper\"><p>Sollten Sie Interesse haben mit uns zusammenzuarbeiten und folgende Eigenschaften mitbringen, z\u00f6gern Sie nicht uns Ihre Bewerbung zuzusenden.<\/p>\n<p style=\"text-align: left;\">per EMail an:<br \/>\nbewerbung@pflegedienst-strigan.de<br \/>\noder per Post an:<br \/>\nPflegedienst Strigan GmbH<br \/>\nBahnhofstra\u00dfe 2, 04643 Geithain<\/p>\n<\/div><\/div><\/div><\/div><\/div><\/div><\/div><\/div><\/div><\/section>\n","protected":false},"excerpt":{"rendered":"Stellenangebote Fach- &amp; Hilfskr\u00e4fte Wir suchen zum sofortigen Beginn f\u00fcr unseren ambulanten Pflegedienst im Raum Geithain und Rochlitz: Pflegefachkraft m\/w\/d Voraussetzungen sind: Abschluss als Altenpfleger\/in oder Gesundheits- und Krankenpfleger\/in mit staatlicher Anerkennung F\u00fchrerschein Klasse B oder 3 (PKW) Bereitschaft zum Schichtdienst Teamf\u00e4higkeit, Belastbarkeit und Zuverl\u00e4ssigkeit Sie werden in der ambulanten Pflege im 2-Schichtsystem mit flexiblen...","protected":false},"author":1,"featured_media":0,"parent":0,"menu_order":0,"comment_status":"closed","ping_status":"closed","template":"","meta":{"footnotes":""},"class_list":["post-130","page","type-page","status-publish","hentry"],"_links":{"self":[{"href":"http:\/\/www.pflegedienst-strigan.de\/index.php?rest_route=\/wp\/v2\/pages\/130","targetHints":{"allow":["GET"]}}],"collection":[{"href":"http:\/\/www.pflegedienst-strigan.de\/index.php?rest_route=\/wp\/v2\/pages"}],"about":[{"href":"http:\/\/www.pflegedienst-strigan.de\/index.php?rest_route=\/wp\/v2\/types\/page"}],"author":[{"embeddable":true,"href":"http:\/\/www.pflegedienst-strigan.de\/index.php?rest_route=\/wp\/v2\/users\/1"}],"replies":[{"embeddable":true,"href":"http:\/\/www.pflegedienst-strigan.de\/index.php?rest_route=%2Fwp%2Fv2%2Fcomments&post=130"}],"version-history":[{"count":72,"href":"http:\/\/www.pflegedienst-strigan.de\/index.php?rest_route=\/wp\/v2\/pages\/130\/revisions"}],"predecessor-version":[{"id":412,"href":"http:\/\/www.pflegedienst-strigan.de\/index.php?rest_route=\/wp\/v2\/pages\/130\/revisions\/412"}],"wp:attachment":[{"href":"http:\/\/www.pflegedienst-strigan.de\/index.php?rest_route=%2Fwp%2Fv2%2Fmedia&parent=130"}],"curies":[{"name":"wp","href":"https:\/\/api.w.org\/{rel}","templated":true}]}}

<section class="l-section wpb_row us_custom_297f3d2a has_text_color height_small"><div class="l-section-h i-cf"><div class="g-cols vc_row via_grid cols_1 laptops-cols_inherit tablets-cols_inherit mobiles-cols_1 valign_top type_default stacking_default"><div class="wpb_column vc_column_container"><div class="vc_column-inner"><div class="wpb_text_column"><div class="wpb_wrapper"><h2>Stellenangebote Fach- &amp; Hilfskräfte</h2>
</div></div></div></div></div></div></section><section class="l-section wpb_row us_custom_eac59c77 height_small"><div class="l-section-h i-cf"><div class="g-cols vc_row via_grid cols_1 laptops-cols_inherit tablets-cols_inherit mobiles-cols_1 valign_top type_default stacking_default"><div class="wpb_column vc_column_container"><div class="vc_column-inner"><div class="wpb_text_column"><div class="wpb_wrapper"><p>Wir suchen zum sofortigen Beginn für unseren ambulanten Pflegedienst im Raum Geithain und Rochlitz:</p>
<h3><strong>Pflegefachkraft m/w/d</strong></h3>
</div></div><div class="g-cols wpb_row via_grid cols_2 laptops-cols_inherit tablets-cols_inherit mobiles-cols_1 valign_top type_default stacking_default" style="--gap:3rem;"><div class="wpb_column vc_column_container"><div class="vc_column-inner"><div class="wpb_text_column"><div class="wpb_wrapper"><h4>Voraussetzungen sind:</h4>
</div></div><div class="wpb_text_column us_custom_2ae65f69"><div class="wpb_wrapper"><ul>
<li>Abschluss als Altenpfleger/in oder Gesundheits- und Krankenpfleger/in mit staatlicher Anerkennung</li>
<li>Führerschein Klasse B oder 3 (PKW)</li>
<li>Bereitschaft zum Schichtdienst</li>
<li>Teamfähigkeit, Belastbarkeit und Zuverlässigkeit</li>
<li>Sie werden in der ambulanten Pflege im 2-Schichtsystem mit flexiblen Arbeitszeiten eingesetzt.</li>
</ul>
</div></div></div></div><div class="wpb_column vc_column_container"><div class="vc_column-inner"><div class="wpb_text_column"><div class="wpb_wrapper"><h4>Sie erwartet:</h4>
</div></div><div class="wpb_text_column us_custom_2ae65f69"><div class="wpb_wrapper"><ul>
<li>einen vielseitigen und abwechslungsreichen Aufgabenbereich</li>
<li>ein aufgeschlossenes und kooperatives Arbeitsklima in einem motivierten Team</li>
<li>Wir arbeiten nach neusten pflegefachlichen Erkenntnissen.</li>
<li>Wir bieten eine leistungsgerechte Bezahlung, Weiterbildungsmöglichkeiten, sowie Zuschuss zum Kindergartenbeitrag.</li>
</ul>
</div></div></div></div></div></div></div></div></div></section><section class="l-section wpb_row height_small"><div class="l-section-h i-cf"><div class="g-cols vc_row via_grid cols_1 laptops-cols_inherit tablets-cols_inherit mobiles-cols_1 valign_top type_default stacking_default"><div class="wpb_column vc_column_container"><div class="vc_column-inner"><div class="wpb_text_column"><div class="wpb_wrapper"><h3><strong>Pflegehilfskraft (m/w/d) in der ambulanten Pflege</strong></h3>
</div></div><div class="g-cols wpb_row via_grid cols_2 laptops-cols_inherit tablets-cols_inherit mobiles-cols_1 valign_top type_default stacking_default" style="--gap:3rem;"><div class="wpb_column vc_column_container"><div class="vc_column-inner"><div class="wpb_text_column"><div class="wpb_wrapper"><h4>Voraussetzungen sind:</h4>
</div></div><div class="wpb_text_column us_custom_2ae65f69"><div class="wpb_wrapper"><ul>
<li>Freude an der Arbeit mit älteren und pflegebedürftigen Menschen</li>
<li>Führerschein Klasse B oder 3 (PKW)</li>
<li>Bereitschaft zum Schichtdienst</li>
<li>Teamfähigkeit, Belastbarkeit, Zuverlässigkeit, Verantwortungsbewusstsein</li>
<li>Sie werden in der ambulanten Pflege im 2-Schichtsystem mit flexiblen Arbeitszeiten eingesetzt.</li>
</ul>
</div></div></div></div><div class="wpb_column vc_column_container"><div class="vc_column-inner"><div class="wpb_text_column"><div class="wpb_wrapper"><h4>Sie erwartet:</h4>
</div></div><div class="wpb_text_column us_custom_2ae65f69"><div class="wpb_wrapper"><ul>
<li>einen vielseitigen und abwechslungsreichen Aufgabenbereich</li>
<li>ein aufgeschlossenes und kooperatives Arbeitsklima in einem motivierten Team</li>
<li>Wir arbeiten nach neusten pflegefachlichen Erkenntnissen.</li>
<li>Wir bieten eine leistungsgerechte tarifliche Bezahlung,</li>
<li>Weiterbildungsmöglichkeiten,</li>
<li>sowie Zuschuss zum Kindergartenbeitrag.</li>
</ul>
</div></div></div></div></div></div></div></div></div></section><section class="l-section wpb_row height_small"><div class="l-section-h i-cf"><div class="g-cols vc_row via_grid cols_1 laptops-cols_inherit tablets-cols_inherit mobiles-cols_1 valign_top type_default stacking_default"><div class="wpb_column vc_column_container"><div class="vc_column-inner"><div class="g-cols wpb_row via_grid cols_1 laptops-cols_inherit tablets-cols_inherit mobiles-cols_1 valign_top type_default stacking_default" style="--gap:3rem;"><div class="wpb_column vc_column_container"><div class="vc_column-inner"><div class="wpb_text_column"><div class="wpb_wrapper"><p>Sollten Sie Interesse haben mit uns zusammenzuarbeiten und folgende Eigenschaften mitbringen, zögern Sie nicht uns Ihre Bewerbung zuzusenden.</p>
<p style="text-align: left;">per EMail an:<br />
<a href="mailto:bewerbung@pflegedienst-strigan.de" target="_blank" rel="noopener"><strong>bewerbung@pflegedienst-strigan.de</strong></a><br />
oder per Post an:<br />
<strong>Pflegedienst Strigan GmbH</strong><br />
<strong>Bahnhofstraße 2, 04643 Geithain</strong></p>
</div></div></div></div></div></div></div></div></div></section><section class="l-section wpb_row us_custom_9ccc05f2 height_small"><div class="l-section-h i-cf"><div class="g-cols vc_row via_grid cols_1 laptops-cols_inherit tablets-cols_inherit mobiles-cols_1 valign_top type_default stacking_default"><div class="wpb_column vc_column_container"><div class="vc_column-inner"><div class="wpb_text_column us_custom_8b3d6790 has_text_color"><div class="wpb_wrapper"><h2 style="text-align: left;">Wir bilden aus!</h2>
</div></div></div></div></div></div></section><section class="l-section wpb_row us_custom_eac59c77 height_small"><div class="l-section-h i-cf"><div class="g-cols vc_row via_grid cols_1 laptops-cols_inherit tablets-cols_inherit mobiles-cols_1 valign_top type_default stacking_default"><div class="wpb_column vc_column_container"><div class="vc_column-inner"><div class="wpb_text_column"><div class="wpb_wrapper"><p>Die generalisierte Pflegeausbildung führt die bisherigen Ausbildungen der Gesundheits- und Krankenpflege, Kinderkrankenpflege und Altenpflege zusammen.</p>
<h3><strong>Ausbildung Pflegefachkraft m/w/d (Beginn 09/2026)</strong></h3>
</div></div><div class="g-cols wpb_row us_custom_b9d7d3f0 via_grid cols_2 laptops-cols_inherit tablets-cols_inherit mobiles-cols_1 valign_top type_default stacking_default" style="--gap:3rem;"><div class="wpb_column vc_column_container"><div class="vc_column-inner"><div class="wpb_text_column"><div class="wpb_wrapper"><h4>Voraussetzungen sind:</h4>
</div></div><div class="wpb_text_column us_custom_2ae65f69"><div class="wpb_wrapper"><ul>
<li>Teamfähigkeit, Belastbarkeit und Zuverlässigkeit</li>
<li>Freude an der Arbeit mit älteren und pflegebedürftigen Menschen.</li>
<li>Verantwortungsbewusstsein</li>
<li>aufgeschlossene Persönlichkeit</li>
</ul>
</div></div></div></div><div class="wpb_column vc_column_container"><div class="vc_column-inner"><div class="wpb_text_column"><div class="wpb_wrapper"><h4>Dich erwartet:</h4>
</div></div><div class="wpb_text_column us_custom_2ae65f69"><div class="wpb_wrapper"><ul>
<li>Die vielseitige und abwechslungsreiche Ausbildung erfolgt in einem Wechsel von Theorie und Praxis und dauert 3 Jahre.</li>
<li>In der theoretischen Ausbildung werden Kenntnisse der Gesundheits- und Krankenpflege, der Pflege- und Gesundheitswissenschaften, der Natur-, Geistes- und Sozialwissenschaften sowie relevante Kenntnisse aus Recht, Politik und Wirtschaft vermittelt.</li>
<li>Die praktische Ausbildung absolvierst Du schwerpunktmäßig in unserem Pflegedienst in Geithain, durch den Einsatz in der ambulanten (häuslichen) Pflege. Zusätzlich für spezifische Themen in einem Krankenhaus, Kindergarten und Pflegeheim.</li>
<li>Unterstützung während der Einarbeitung und die didaktische Vermittlung von Ausbildungsinhalten, erhältst du vollumfänglich durch unsere erfahrenen Praxisanleiter.</li>
</ul>
</div></div></div></div></div></div></div></div></div></section><section class="l-section wpb_row us_custom_eac59c77 height_small"><div class="l-section-h i-cf"><div class="g-cols vc_row via_grid cols_1 laptops-cols_inherit tablets-cols_inherit mobiles-cols_1 valign_top type_default stacking_default"><div class="wpb_column vc_column_container"><div class="vc_column-inner"><div class="wpb_text_column us_custom_3fbe2def"><div class="wpb_wrapper"><h4 style="text-align: center;">Du möchtest die Weichen für deine Zukunft stellen?<br />
Dann werde Teil unseres professionellen Pflegeteams und profitiere von unserem familiären Arbeitsumfeld.</h4>
</div></div></div></div></div></div></section><section class="l-section wpb_row us_custom_9ccc05f2 height_small"><div class="l-section-h i-cf"><div class="g-cols vc_row via_grid cols_1 laptops-cols_inherit tablets-cols_inherit mobiles-cols_1 valign_top type_default stacking_default"><div class="wpb_column vc_column_container"><div class="vc_column-inner"><div class="wpb_text_column us_custom_8b3d6790 has_text_color"><div class="wpb_wrapper"><h4 style="text-align: center;">Bei uns triffst Du auf Kollegen, die füreinander da sind und stets das Ziel der bestmöglichen Patientenversorgung, getreu unserem Slogan „Pflege mit Herz“, verfolgen.</h4>
</div></div></div></div></div></div></section><section class="l-section wpb_row height_small"><div class="l-section-h i-cf"><div class="g-cols vc_row via_grid cols_1 laptops-cols_inherit tablets-cols_inherit mobiles-cols_1 valign_top type_default stacking_default"><div class="wpb_column vc_column_container"><div class="vc_column-inner"><div class="g-cols wpb_row via_grid cols_1 laptops-cols_inherit tablets-cols_inherit mobiles-cols_1 valign_top type_default stacking_default" style="--gap:3rem;"><div class="wpb_column vc_column_container"><div class="vc_column-inner"><div class="wpb_text_column"><div class="wpb_wrapper"><p>Sollten Sie Interesse haben mit uns zusammenzuarbeiten und folgende Eigenschaften mitbringen, zögern Sie nicht uns Ihre Bewerbung zuzusenden.</p>
<p style="text-align: left;">per EMail an:<br />
bewerbung@pflegedienst-strigan.de<br />
oder per Post an:<br />
Pflegedienst Strigan GmbH<br />
Bahnhofstraße 2, 04643 Geithain</p>
</div></div></div></div></div></div></div></div></div></section>

Stellenangebote Fach- &amp; Hilfskräfte Wir suchen zum sofortigen Beginn für unseren ambulanten Pflegedienst im Raum Geithain und Rochlitz: Pflegefachkraft m/w/d Voraussetzungen sind: Abschluss als Altenpfleger/in oder Gesundheits- und Krankenpfleger/in mit staatlicher Anerkennung Führerschein Klasse B oder 3 (PKW) Bereitschaft zum Schichtdienst Teamfähigkeit, Belastbarkeit und Zuverlässigkeit Sie werden in der ambulanten Pflege im 2-Schichtsystem mit flexiblen...
