{"id":128,"date":"2022-10-09T18:19:23","date_gmt":"2022-10-09T18:19:23","guid":{"rendered":"http:\/\/www.pflegedienst-strigan.de\/?page_id=128"},"modified":"2023-12-17T16:09:36","modified_gmt":"2023-12-17T16:09:36","slug":"leistungen","status":"publish","type":"page","link":"http:\/\/www.pflegedienst-strigan.de\/?page_id=128","title":{"rendered":"Leistungen"},"content":{"rendered":"<section class=\"l-section wpb_row us_custom_9ccc05f2 height_small\"><div class=\"l-section-h i-cf\"><div class=\"g-cols vc_row via_grid cols_1 laptops-cols_inherit tablets-cols_inherit mobiles-cols_1 valign_top type_default stacking_default\"><div class=\"wpb_column vc_column_container\"><div class=\"vc_column-inner\">[vc_custom_heading text=&#8220;Unsere Leistungen:&#8220; use_theme_fonts=&#8220;yes&#8220; css=&#8220;%7B%22default%22%3A%7B%22color%22%3A%22_header_middle_bg%22%7D%7D&#8220;]<\/div><\/div><\/div><\/div><\/section><section class=\"l-section wpb_row us_custom_eac59c77 height_small\"><div class=\"l-section-h i-cf\"><div class=\"g-cols vc_row via_grid cols_1 laptops-cols_inherit tablets-cols_inherit mobiles-cols_1 valign_top type_default stacking_default\"><div class=\"wpb_column vc_column_container\"><div class=\"vc_column-inner\"><div class=\"wpb_text_column\"><div class=\"wpb_wrapper\"><h4 style=\"text-align: center;\">Durch unsere Leistungen kann ein Krankenhausaufenthalt vermieden bzw. verk\u00fcrzt werden. Ein Aufenthalt im Pflegeheim kann vermieden werden. Sie k\u00f6nnen in Ihrer gewohnten Umgebung Ihre Krankheit auskurieren Ihre Angeh\u00f6rigen werden dadurch entlastet.<\/h4>\n<\/div><\/div><\/div><\/div><\/div><\/div><\/section><section class=\"l-section wpb_row height_small\"><div class=\"l-section-h i-cf\"><div class=\"g-cols vc_row via_grid cols_2 laptops-cols_inherit tablets-cols_inherit mobiles-cols_1 valign_top type_default stacking_default\"><div class=\"wpb_column vc_column_container\"><div class=\"vc_column-inner\">[vc_custom_heading text=&#8220;Grundpflege&#8220; use_theme_fonts=&#8220;yes&#8220;]<div class=\"wpb_text_column\"><div class=\"wpb_wrapper\"><p>Ziel der Grundpflege ist es, die Selbstst\u00e4ndigkeit des Pflegebed\u00fcrftigen so lang wie m\u00f6glich aufrechtzuerhalten und bei den Aufgaben des t\u00e4glichen Lebens zu unterst\u00fctzen.<\/p>\n<\/div><\/div><div class=\"wpb_text_column\"><div class=\"wpb_wrapper\"><p>z.B.:<\/p>\n<ul>\n<li>Waschen und Baden<\/li>\n<li>Hilfe bei der Darm &amp; Blasenentleerung<\/li>\n<li>Mund &amp; Haarpflege<\/li>\n<li>Betten, Lagern &amp; Mobilisieren<\/li>\n<li>Darreichung von Nahrung<\/li>\n<li>Rasieren<\/li>\n<li>An- &amp; Auskleiden<\/li>\n<\/ul>\n<\/div><\/div><\/div><\/div><div class=\"wpb_column vc_column_container\"><div class=\"vc_column-inner\">[vc_custom_heading text=&#8220;Medizinische Behandlungspflege&#8220; use_theme_fonts=&#8220;yes&#8220;]<div class=\"wpb_text_column\"><div class=\"wpb_wrapper\"><p>Die Leistungen im Rahmen der medizinischen Behandlungspflege werden durch einen Arzt\/\u00c4rztin verordnet.<\/p>\n<\/div><\/div><div class=\"wpb_text_column\"><div class=\"wpb_wrapper\"><p>z.B.:<\/p>\n<ul>\n<li>Behandlungspflege<\/li>\n<li>Injektionen<\/li>\n<li>Verbandwechsel<\/li>\n<li>Kompressionsverb\u00e4nde<\/li>\n<li>Medikamentengabe<\/li>\n<li>Blutdruck und Blutzuckerbestimmung<\/li>\n<\/ul>\n<\/div><\/div><\/div><\/div><\/div><\/div><\/section><section class=\"l-section wpb_row us_custom_eac59c77 height_small\"><div class=\"l-section-h i-cf\"><div class=\"g-cols vc_row via_grid cols_2 laptops-cols_inherit tablets-cols_inherit mobiles-cols_1 valign_top type_default stacking_default\"><div class=\"wpb_column vc_column_container\"><div class=\"vc_column-inner\"><div class=\"w-image align_none\"><div class=\"w-image-h\"><img decoding=\"async\" width=\"500\" height=\"300\" src=\"http:\/\/www.pflegedienst-strigan.de\/wp-content\/uploads\/B005.png\" class=\"attachment-full size-full\" alt=\"\" loading=\"lazy\" srcset=\"http:\/\/www.pflegedienst-strigan.de\/wp-content\/uploads\/B005.png 500w, http:\/\/www.pflegedienst-strigan.de\/wp-content\/uploads\/B005-300x180.png 300w\" sizes=\"auto, (max-width: 500px) 100vw, 500px\" \/><\/div><\/div><\/div><\/div><div class=\"wpb_column vc_column_container\"><div class=\"vc_column-inner\">[vc_custom_heading text=&#8220;Betreuungsleistungen f\u00fcr Menschen mit Demenz&#8220; use_theme_fonts=&#8220;yes&#8220;]<div class=\"wpb_text_column\"><div class=\"wpb_wrapper\"><p>Unser ausgebildetes Fachpersonal betreut Ihre Angeh\u00f6rigen zus\u00e4tzlich zu den grundpflegerischen Leistungen mit stundenweiser Beaufsichtigung und Besch\u00e4ftigung, wie z.B. Ged\u00e4chtnistraining, Hilfe bei der Tagesstrukturierung, Spiele, Spazierg\u00e4nge Seniorensport und vieles mehr.<\/p>\n<\/div><\/div><\/div><\/div><\/div><\/div><\/section><section class=\"l-section wpb_row height_small\"><div class=\"l-section-h i-cf\"><div class=\"g-cols vc_row via_grid cols_2 laptops-cols_inherit tablets-cols_inherit mobiles-cols_1 valign_top type_default stacking_default\"><div class=\"wpb_column vc_column_container\"><div class=\"vc_column-inner\">[vc_custom_heading text=&#8220;Beratungsbesuche nach dem Pflegeversicherungsgesetz&#8220; use_theme_fonts=&#8220;yes&#8220;]<div class=\"wpb_text_column\"><div class=\"wpb_wrapper\"><p>Unser Pflegedienst bietet Beratungsbesuche nach dem Pflegeversicherungsgesetz f\u00fcr Pflegebed\u00fcrftige, die sich von ihren Angeh\u00f6rigen pflegen lassen an. Diese sind je nach Pflegestufe einmal im Quartal oder einmal im Halbjahr notwendig.<\/p>\n<\/div><\/div><div class=\"w-separator size_small\"><\/div><div class=\"w-image align_left\"><div class=\"w-image-h\"><img decoding=\"async\" width=\"500\" height=\"300\" src=\"http:\/\/www.pflegedienst-strigan.de\/wp-content\/uploads\/B004.png\" class=\"attachment-full size-full\" alt=\"\" loading=\"lazy\" srcset=\"http:\/\/www.pflegedienst-strigan.de\/wp-content\/uploads\/B004.png 500w, http:\/\/www.pflegedienst-strigan.de\/wp-content\/uploads\/B004-300x180.png 300w\" sizes=\"auto, (max-width: 500px) 100vw, 500px\" \/><\/div><\/div><div class=\"w-separator size_small\"><\/div>[vc_custom_heading text=&#8220;Pflegehilfsbereich&#8220; use_theme_fonts=&#8220;yes&#8220;]<div class=\"wpb_text_column\"><div class=\"wpb_wrapper\"><p>Sollten Sie noch keine Leistungen der Pflegeversicherung erhalten, halten wir Betreuungspakete als \u201eBetreutes Wohnen daheim\u201c vor.<br \/>\nDabei k\u00f6nnen Sie unsere Leistungen ma\u00dfgeschneidert auf Ihre Bed\u00fcrfnisse w\u00e4hlen.<\/p>\n<\/div><\/div><\/div><\/div><div class=\"wpb_column vc_column_container\"><div class=\"vc_column-inner\">[vc_custom_heading text=&#8220;Haushaltshilfen&#8220; use_theme_fonts=&#8220;yes&#8220;]<div class=\"wpb_text_column\"><div class=\"wpb_wrapper\"><p>Wenn Sie selbst Ihren Haushalt nicht mehr sauber halten k\u00f6nnen bieten wir Ihnen folgende Leistungen:<\/p>\n<\/div><\/div><div class=\"wpb_text_column\"><div class=\"wpb_wrapper\"><p>z.B.:<\/p>\n<ul>\n<li>Reinigung der Wohnung<\/li>\n<li>Einkaufen<\/li>\n<li>Fenster putzen<\/li>\n<li>Gardinen waschen<\/li>\n<li>Fr\u00fchjahrsputz<\/li>\n<li>W\u00e4sche waschen<br \/>\nund vieles mehr\u2026<\/li>\n<li>Betreuungs- &amp; Begleitdienste<\/li>\n<li>Spazierg\u00e4nge &amp; Mobilisation<\/li>\n<li>Beh\u00f6rdeng\u00e4nge<\/li>\n<li>Einkaufen<\/li>\n<li>Beaufsichtigung ihrer pflegebed\u00fcrftigen Angeh\u00f6rigen<\/li>\n<li>Hilfe bei pl\u00f6tzlicher Krankenhauseinweisung<\/li>\n<\/ul>\n<\/div><\/div><\/div><\/div><\/div><\/div><\/section><section class=\"l-section wpb_row us_custom_9ccc05f2 height_small\"><div class=\"l-section-h i-cf\"><div class=\"g-cols vc_row via_grid cols_1 laptops-cols_inherit tablets-cols_inherit mobiles-cols_1 valign_top type_default stacking_default\"><div class=\"wpb_column vc_column_container\"><div class=\"vc_column-inner\">[vc_custom_heading text=&#8220;Wir erbringen alle Leistungen der Pflegeversicherung und der Krankenversicherung.&#8220; use_theme_fonts=&#8220;yes&#8220; css=&#8220;%7B%22default%22%3A%7B%22color%22%3A%22_header_middle_bg%22%2C%22text-align%22%3A%22center%22%7D%7D&#8220;]<\/div><\/div><\/div><\/div><\/section><section class=\"l-section wpb_row us_custom_eac59c77 height_small\"><div class=\"l-section-h i-cf\"><div class=\"g-cols vc_row via_grid cols_1 laptops-cols_inherit tablets-cols_inherit mobiles-cols_1 valign_top type_default stacking_default\"><div class=\"wpb_column vc_column_container\"><div class=\"vc_column-inner\"><div class=\"wpb_text_column\"><div class=\"wpb_wrapper\"><h2>Zus\u00e4tzlicher Service<\/h2>\n<\/div><\/div><\/div><\/div><\/div><\/div><\/section><section class=\"l-section wpb_row us_custom_eac59c77 height_small\"><div class=\"l-section-h i-cf\"><div class=\"g-cols vc_row via_grid cols_2 laptops-cols_inherit tablets-cols_inherit mobiles-cols_1 valign_top type_default stacking_default\"><div class=\"wpb_column vc_column_container\"><div class=\"vc_column-inner\">[vc_custom_heading text=&#8220;Urlaubs- &amp; Verhinderungspflege&#8220; use_theme_fonts=&#8220;yes&#8220;]<div class=\"wpb_text_column\"><div class=\"wpb_wrapper\"><p>Stundenweise oder tageweise Beaufsichtigung und Besch\u00e4ftigung von Pflegebed\u00fcrftigen deren Pflegeperson (Angeh\u00f6rige) mal frei haben m\u00f6chten. Nat\u00fcrlich \u00fcbernehmen wir die Pflege vollst\u00e4ndig, wenn Sie Urlaub machen. Bei Bedarf sind wir auch nachts f\u00fcr Sie da.<\/p>\n<\/div><\/div>[vc_custom_heading text=&#8220;Apotheken und Sanit\u00e4tshausbesorgungen&#8220; use_theme_fonts=&#8220;yes&#8220;][vc_custom_heading text=&#8220;Vermittlung von Friseur und Fu\u00dfpflege, Ergotherapie, Logop\u00e4din, Physiotherapie&#8220; use_theme_fonts=&#8220;yes&#8220;]<div class=\"wpb_text_column\"><div class=\"wpb_wrapper\"><\/div><\/div><\/div><\/div><div class=\"wpb_column vc_column_container\"><div class=\"vc_column-inner\"><div class=\"w-image align_center\"><div class=\"w-image-h\"><img decoding=\"async\" width=\"500\" height=\"300\" src=\"http:\/\/www.pflegedienst-strigan.de\/wp-content\/uploads\/B006.png\" class=\"attachment-full size-full\" alt=\"\" loading=\"lazy\" srcset=\"http:\/\/www.pflegedienst-strigan.de\/wp-content\/uploads\/B006.png 500w, http:\/\/www.pflegedienst-strigan.de\/wp-content\/uploads\/B006-300x180.png 300w\" sizes=\"auto, (max-width: 500px) 100vw, 500px\" \/><\/div><\/div><\/div><\/div><\/div><\/div><\/section><section class=\"l-section wpb_row us_custom_9ccc05f2 height_small\"><div class=\"l-section-h i-cf\"><div class=\"g-cols vc_row via_grid cols_1 laptops-cols_inherit tablets-cols_inherit mobiles-cols_1 valign_top type_default stacking_default\"><div class=\"wpb_column vc_column_container\"><div class=\"vc_column-inner\">[vc_custom_heading text=&#8220;Wenn Sie mehr \u00fcber unsere Leistungen wissen m\u00f6chten k\u00f6nnen wir Ihnen diese bei einem pers\u00f6nlichen Beratungsgespr\u00e4ch n\u00e4her erl\u00e4utern. Dabei k\u00f6nnen wir unsere Leistungen individuell auf die Bed\u00fcrfnisse und W\u00fcnsche des Pflegebed\u00fcrftigen abstimmen.&#8220; use_theme_fonts=&#8220;yes&#8220; css=&#8220;%7B%22default%22%3A%7B%22color%22%3A%22_header_middle_bg%22%2C%22text-align%22%3A%22center%22%7D%7D&#8220;]<\/div><\/div><\/div><\/div><\/section>\n","protected":false},"excerpt":{"rendered":"[vc_custom_heading text=\"Unsere Leistungen:\" use_theme_fonts=\"yes\" css=\"%7B%22default%22%3A%7B%22color%22%3A%22_header_middle_bg%22%7D%7D\"]Durch unsere Leistungen kann ein Krankenhausaufenthalt vermieden bzw. verk\u00fcrzt werden. Ein Aufenthalt im Pflegeheim kann vermieden werden. Sie k\u00f6nnen in Ihrer gewohnten Umgebung Ihre Krankheit auskurieren Ihre Angeh\u00f6rigen werden dadurch entlastet. [vc_custom_heading text=\"Grundpflege\" use_theme_fonts=\"yes\"]Ziel der Grundpflege ist es, die Selbstst\u00e4ndigkeit des Pflegebed\u00fcrftigen so lang wie m\u00f6glich aufrechtzuerhalten und bei den Aufgaben...","protected":false},"author":1,"featured_media":0,"parent":0,"menu_order":0,"comment_status":"closed","ping_status":"closed","template":"","meta":{"footnotes":""},"class_list":["post-128","page","type-page","status-publish","hentry"],"_links":{"self":[{"href":"http:\/\/www.pflegedienst-strigan.de\/index.php?rest_route=\/wp\/v2\/pages\/128","targetHints":{"allow":["GET"]}}],"collection":[{"href":"http:\/\/www.pflegedienst-strigan.de\/index.php?rest_route=\/wp\/v2\/pages"}],"about":[{"href":"http:\/\/www.pflegedienst-strigan.de\/index.php?rest_route=\/wp\/v2\/types\/page"}],"author":[{"embeddable":true,"href":"http:\/\/www.pflegedienst-strigan.de\/index.php?rest_route=\/wp\/v2\/users\/1"}],"replies":[{"embeddable":true,"href":"http:\/\/www.pflegedienst-strigan.de\/index.php?rest_route=%2Fwp%2Fv2%2Fcomments&post=128"}],"version-history":[{"count":34,"href":"http:\/\/www.pflegedienst-strigan.de\/index.php?rest_route=\/wp\/v2\/pages\/128\/revisions"}],"predecessor-version":[{"id":346,"href":"http:\/\/www.pflegedienst-strigan.de\/index.php?rest_route=\/wp\/v2\/pages\/128\/revisions\/346"}],"wp:attachment":[{"href":"http:\/\/www.pflegedienst-strigan.de\/index.php?rest_route=%2Fwp%2Fv2%2Fmedia&parent=128"}],"curies":[{"name":"wp","href":"https:\/\/api.w.org\/{rel}","templated":true}]}}

<section class="l-section wpb_row us_custom_9ccc05f2 height_small"><div class="l-section-h i-cf"><div class="g-cols vc_row via_grid cols_1 laptops-cols_inherit tablets-cols_inherit mobiles-cols_1 valign_top type_default stacking_default"><div class="wpb_column vc_column_container"><div class="vc_column-inner">[vc_custom_heading text=&#8220;Unsere Leistungen:&#8220; use_theme_fonts=&#8220;yes&#8220; css=&#8220;%7B%22default%22%3A%7B%22color%22%3A%22_header_middle_bg%22%7D%7D&#8220;]</div></div></div></div></section><section class="l-section wpb_row us_custom_eac59c77 height_small"><div class="l-section-h i-cf"><div class="g-cols vc_row via_grid cols_1 laptops-cols_inherit tablets-cols_inherit mobiles-cols_1 valign_top type_default stacking_default"><div class="wpb_column vc_column_container"><div class="vc_column-inner"><div class="wpb_text_column"><div class="wpb_wrapper"><h4 style="text-align: center;">Durch unsere Leistungen kann ein Krankenhausaufenthalt vermieden bzw. verkürzt werden. Ein Aufenthalt im Pflegeheim kann vermieden werden. Sie können in Ihrer gewohnten Umgebung Ihre Krankheit auskurieren Ihre Angehörigen werden dadurch entlastet.</h4>
</div></div></div></div></div></div></section><section class="l-section wpb_row height_small"><div class="l-section-h i-cf"><div class="g-cols vc_row via_grid cols_2 laptops-cols_inherit tablets-cols_inherit mobiles-cols_1 valign_top type_default stacking_default"><div class="wpb_column vc_column_container"><div class="vc_column-inner">[vc_custom_heading text=&#8220;Grundpflege&#8220; use_theme_fonts=&#8220;yes&#8220;]<div class="wpb_text_column"><div class="wpb_wrapper"><p>Ziel der Grundpflege ist es, die Selbstständigkeit des Pflegebedürftigen so lang wie möglich aufrechtzuerhalten und bei den Aufgaben des täglichen Lebens zu unterstützen.</p>
</div></div><div class="wpb_text_column"><div class="wpb_wrapper"><p>z.B.:</p>
<ul>
<li>Waschen und Baden</li>
<li>Hilfe bei der Darm &amp; Blasenentleerung</li>
<li>Mund &amp; Haarpflege</li>
<li>Betten, Lagern &amp; Mobilisieren</li>
<li>Darreichung von Nahrung</li>
<li>Rasieren</li>
<li>An- &amp; Auskleiden</li>
</ul>
</div></div></div></div><div class="wpb_column vc_column_container"><div class="vc_column-inner">[vc_custom_heading text=&#8220;Medizinische Behandlungspflege&#8220; use_theme_fonts=&#8220;yes&#8220;]<div class="wpb_text_column"><div class="wpb_wrapper"><p>Die Leistungen im Rahmen der medizinischen Behandlungspflege werden durch einen Arzt/Ärztin verordnet.</p>
</div></div><div class="wpb_text_column"><div class="wpb_wrapper"><p>z.B.:</p>
<ul>
<li>Behandlungspflege</li>
<li>Injektionen</li>
<li>Verbandwechsel</li>
<li>Kompressionsverbände</li>
<li>Medikamentengabe</li>
<li>Blutdruck und Blutzuckerbestimmung</li>
</ul>
</div></div></div></div></div></div></section><section class="l-section wpb_row us_custom_eac59c77 height_small"><div class="l-section-h i-cf"><div class="g-cols vc_row via_grid cols_2 laptops-cols_inherit tablets-cols_inherit mobiles-cols_1 valign_top type_default stacking_default"><div class="wpb_column vc_column_container"><div class="vc_column-inner"><div class="w-image align_none"><div class="w-image-h"><img decoding="async" width="500" height="300" src="http://www.pflegedienst-strigan.de/wp-content/uploads/B005.png" class="attachment-full size-full" alt="" loading="lazy" srcset="http://www.pflegedienst-strigan.de/wp-content/uploads/B005.png 500w, http://www.pflegedienst-strigan.de/wp-content/uploads/B005-300x180.png 300w" sizes="auto, (max-width: 500px) 100vw, 500px" /></div></div></div></div><div class="wpb_column vc_column_container"><div class="vc_column-inner">[vc_custom_heading text=&#8220;Betreuungsleistungen für Menschen mit Demenz&#8220; use_theme_fonts=&#8220;yes&#8220;]<div class="wpb_text_column"><div class="wpb_wrapper"><p>Unser ausgebildetes Fachpersonal betreut Ihre Angehörigen zusätzlich zu den grundpflegerischen Leistungen mit stundenweiser Beaufsichtigung und Beschäftigung, wie z.B. Gedächtnistraining, Hilfe bei der Tagesstrukturierung, Spiele, Spaziergänge Seniorensport und vieles mehr.</p>
</div></div></div></div></div></div></section><section class="l-section wpb_row height_small"><div class="l-section-h i-cf"><div class="g-cols vc_row via_grid cols_2 laptops-cols_inherit tablets-cols_inherit mobiles-cols_1 valign_top type_default stacking_default"><div class="wpb_column vc_column_container"><div class="vc_column-inner">[vc_custom_heading text=&#8220;Beratungsbesuche nach dem Pflegeversicherungsgesetz&#8220; use_theme_fonts=&#8220;yes&#8220;]<div class="wpb_text_column"><div class="wpb_wrapper"><p>Unser Pflegedienst bietet Beratungsbesuche nach dem Pflegeversicherungsgesetz für Pflegebedürftige, die sich von ihren Angehörigen pflegen lassen an. Diese sind je nach Pflegestufe einmal im Quartal oder einmal im Halbjahr notwendig.</p>
</div></div><div class="w-separator size_small"></div><div class="w-image align_left"><div class="w-image-h"><img decoding="async" width="500" height="300" src="http://www.pflegedienst-strigan.de/wp-content/uploads/B004.png" class="attachment-full size-full" alt="" loading="lazy" srcset="http://www.pflegedienst-strigan.de/wp-content/uploads/B004.png 500w, http://www.pflegedienst-strigan.de/wp-content/uploads/B004-300x180.png 300w" sizes="auto, (max-width: 500px) 100vw, 500px" /></div></div><div class="w-separator size_small"></div>[vc_custom_heading text=&#8220;Pflegehilfsbereich&#8220; use_theme_fonts=&#8220;yes&#8220;]<div class="wpb_text_column"><div class="wpb_wrapper"><p>Sollten Sie noch keine Leistungen der Pflegeversicherung erhalten, halten wir Betreuungspakete als „Betreutes Wohnen daheim“ vor.<br />
Dabei können Sie unsere Leistungen maßgeschneidert auf Ihre Bedürfnisse wählen.</p>
</div></div></div></div><div class="wpb_column vc_column_container"><div class="vc_column-inner">[vc_custom_heading text=&#8220;Haushaltshilfen&#8220; use_theme_fonts=&#8220;yes&#8220;]<div class="wpb_text_column"><div class="wpb_wrapper"><p>Wenn Sie selbst Ihren Haushalt nicht mehr sauber halten können bieten wir Ihnen folgende Leistungen:</p>
</div></div><div class="wpb_text_column"><div class="wpb_wrapper"><p>z.B.:</p>
<ul>
<li>Reinigung der Wohnung</li>
<li>Einkaufen</li>
<li>Fenster putzen</li>
<li>Gardinen waschen</li>
<li>Frühjahrsputz</li>
<li>Wäsche waschen<br />
und vieles mehr…</li>
<li>Betreuungs- &amp; Begleitdienste</li>
<li>Spaziergänge &amp; Mobilisation</li>
<li>Behördengänge</li>
<li>Einkaufen</li>
<li>Beaufsichtigung ihrer pflegebedürftigen Angehörigen</li>
<li>Hilfe bei plötzlicher Krankenhauseinweisung</li>
</ul>
</div></div></div></div></div></div></section><section class="l-section wpb_row us_custom_9ccc05f2 height_small"><div class="l-section-h i-cf"><div class="g-cols vc_row via_grid cols_1 laptops-cols_inherit tablets-cols_inherit mobiles-cols_1 valign_top type_default stacking_default"><div class="wpb_column vc_column_container"><div class="vc_column-inner">[vc_custom_heading text=&#8220;Wir erbringen alle Leistungen der Pflegeversicherung und der Krankenversicherung.&#8220; use_theme_fonts=&#8220;yes&#8220; css=&#8220;%7B%22default%22%3A%7B%22color%22%3A%22_header_middle_bg%22%2C%22text-align%22%3A%22center%22%7D%7D&#8220;]</div></div></div></div></section><section class="l-section wpb_row us_custom_eac59c77 height_small"><div class="l-section-h i-cf"><div class="g-cols vc_row via_grid cols_1 laptops-cols_inherit tablets-cols_inherit mobiles-cols_1 valign_top type_default stacking_default"><div class="wpb_column vc_column_container"><div class="vc_column-inner"><div class="wpb_text_column"><div class="wpb_wrapper"><h2>Zusätzlicher Service</h2>
</div></div></div></div></div></div></section><section class="l-section wpb_row us_custom_eac59c77 height_small"><div class="l-section-h i-cf"><div class="g-cols vc_row via_grid cols_2 laptops-cols_inherit tablets-cols_inherit mobiles-cols_1 valign_top type_default stacking_default"><div class="wpb_column vc_column_container"><div class="vc_column-inner">[vc_custom_heading text=&#8220;Urlaubs- &amp; Verhinderungspflege&#8220; use_theme_fonts=&#8220;yes&#8220;]<div class="wpb_text_column"><div class="wpb_wrapper"><p>Stundenweise oder tageweise Beaufsichtigung und Beschäftigung von Pflegebedürftigen deren Pflegeperson (Angehörige) mal frei haben möchten. Natürlich übernehmen wir die Pflege vollständig, wenn Sie Urlaub machen. Bei Bedarf sind wir auch nachts für Sie da.</p>
</div></div>[vc_custom_heading text=&#8220;Apotheken und Sanitätshausbesorgungen&#8220; use_theme_fonts=&#8220;yes&#8220;][vc_custom_heading text=&#8220;Vermittlung von Friseur und Fußpflege, Ergotherapie, Logopädin, Physiotherapie&#8220; use_theme_fonts=&#8220;yes&#8220;]<div class="wpb_text_column"><div class="wpb_wrapper"></div></div></div></div><div class="wpb_column vc_column_container"><div class="vc_column-inner"><div class="w-image align_center"><div class="w-image-h"><img decoding="async" width="500" height="300" src="http://www.pflegedienst-strigan.de/wp-content/uploads/B006.png" class="attachment-full size-full" alt="" loading="lazy" srcset="http://www.pflegedienst-strigan.de/wp-content/uploads/B006.png 500w, http://www.pflegedienst-strigan.de/wp-content/uploads/B006-300x180.png 300w" sizes="auto, (max-width: 500px) 100vw, 500px" /></div></div></div></div></div></div></section><section class="l-section wpb_row us_custom_9ccc05f2 height_small"><div class="l-section-h i-cf"><div class="g-cols vc_row via_grid cols_1 laptops-cols_inherit tablets-cols_inherit mobiles-cols_1 valign_top type_default stacking_default"><div class="wpb_column vc_column_container"><div class="vc_column-inner">[vc_custom_heading text=&#8220;Wenn Sie mehr über unsere Leistungen wissen möchten können wir Ihnen diese bei einem persönlichen Beratungsgespräch näher erläutern. Dabei können wir unsere Leistungen individuell auf die Bedürfnisse und Wünsche des Pflegebedürftigen abstimmen.&#8220; use_theme_fonts=&#8220;yes&#8220; css=&#8220;%7B%22default%22%3A%7B%22color%22%3A%22_header_middle_bg%22%2C%22text-align%22%3A%22center%22%7D%7D&#8220;]</div></div></div></div></section>

[vc_custom_heading text="Unsere Leistungen:" use_theme_fonts="yes" css="%7B%22default%22%3A%7B%22color%22%3A%22_header_middle_bg%22%7D%7D"]Durch unsere Leistungen kann ein Krankenhausaufenthalt vermieden bzw. verkürzt werden. Ein Aufenthalt im Pflegeheim kann vermieden werden. Sie können in Ihrer gewohnten Umgebung Ihre Krankheit auskurieren Ihre Angehörigen werden dadurch entlastet. [vc_custom_heading text="Grundpflege" use_theme_fonts="yes"]Ziel der Grundpflege ist es, die Selbstständigkeit des Pflegebedürftigen so lang wie möglich aufrechtzuerhalten und bei den Aufgaben...
