{"id":126,"date":"2022-10-09T18:19:46","date_gmt":"2022-10-09T18:19:46","guid":{"rendered":"http:\/\/www.pflegedienst-strigan.de\/?page_id=126"},"modified":"2022-10-31T22:45:52","modified_gmt":"2022-10-31T22:45:52","slug":"pflegeleitbild","status":"publish","type":"page","link":"http:\/\/www.pflegedienst-strigan.de\/?page_id=126","title":{"rendered":"Pflegeleitbild"},"content":{"rendered":"<section class=\"l-section wpb_row us_custom_9ccc05f2 height_small\"><div class=\"l-section-h i-cf\"><div class=\"g-cols vc_row via_grid cols_1 laptops-cols_inherit tablets-cols_inherit mobiles-cols_1 valign_top type_default stacking_default\"><div class=\"wpb_column vc_column_container\"><div class=\"vc_column-inner\">[vc_custom_heading text=&#8220;Unser Pflegeleitbild&#8220; use_theme_fonts=&#8220;yes&#8220; css=&#8220;%7B%22default%22%3A%7B%22color%22%3A%22_header_middle_bg%22%7D%7D&#8220;]<\/div><\/div><\/div><\/div><\/section><section class=\"l-section wpb_row height_small\"><div class=\"l-section-h i-cf\"><div class=\"g-cols vc_row via_grid cols_1 laptops-cols_inherit tablets-cols_inherit mobiles-cols_1 valign_top type_default stacking_default\"><div class=\"wpb_column vc_column_container\"><div class=\"vc_column-inner\"><div class=\"wpb_text_column us_custom_f221e5ff\"><div class=\"wpb_wrapper\"><h4 style=\"text-align: center;\">Wir verstehen Pflege als Hilfestellung f\u00fcr ein selbst bestimmtes Leben.<br \/>\nUnseren Patienten erm\u00f6glichen wir gr\u00f6\u00dftm\u00f6gliche Wahlm\u00f6glichkeiten in der Gestaltung ihres Tagesablaufes.<\/h4>\n<\/div><\/div><\/div><\/div><\/div><\/div><\/section><section class=\"l-section wpb_row height_small\"><div class=\"l-section-h i-cf\"><div class=\"g-cols vc_row via_grid cols_1 laptops-cols_inherit tablets-cols_inherit mobiles-cols_1 valign_top type_default stacking_default\"><div class=\"wpb_column vc_column_container\"><div class=\"vc_column-inner\">[vc_custom_heading text=&#8220;Wir orientieren unsere Pflege an einem ganzheitlichen Menschenbild.&#8220; font_container=&#8220;tag:p|text_align:left&#8220; use_theme_fonts=&#8220;yes&#8220;][vc_custom_heading text=&#8220;Wir wollen, dass sich unsere Patienten wohl f\u00fchlen, dazu wollen wir durch freundliches und kompetentes Auftreten beim Patienten beitragen.&#8220; font_container=&#8220;tag:p|text_align:left&#8220; use_theme_fonts=&#8220;yes&#8220;][vc_custom_heading text=&#8220;Wir verstehen Krankheit als einen Entwicklungsprozess den der Patient aktiv mit gestaltet. Wir versuchen stets, die k\u00f6rperlichen, seelischen und geistigen Bed\u00fcrfnisse wahrzunehmen und bei unserer Arbeit zu ber\u00fccksichtigen. Der Pflegeproze\u00df basiert auf den Aktivit\u00e4ten des t\u00e4glichen Lebens (ATL`s).&#8220; font_container=&#8220;tag:p|text_align:left&#8220; use_theme_fonts=&#8220;yes&#8220;]<\/div><\/div><\/div><\/div><\/section><section class=\"l-section wpb_row height_small\"><div class=\"l-section-h i-cf\"><div class=\"g-cols vc_row via_grid cols_2 laptops-cols_inherit tablets-cols_inherit mobiles-cols_1 valign_top type_default stacking_default\"><div class=\"wpb_column vc_column_container\"><div class=\"vc_column-inner\"><div class=\"w-image align_none\"><div class=\"w-image-h\"><img decoding=\"async\" width=\"300\" height=\"167\" src=\"http:\/\/www.pflegedienst-strigan.de\/wp-content\/uploads\/pmh-300x167.png\" class=\"attachment-medium size-medium\" alt=\"\" loading=\"lazy\" srcset=\"http:\/\/www.pflegedienst-strigan.de\/wp-content\/uploads\/pmh-300x167.png 300w, http:\/\/www.pflegedienst-strigan.de\/wp-content\/uploads\/pmh.png 750w\" sizes=\"auto, (max-width: 300px) 100vw, 300px\" \/><\/div><\/div><\/div><\/div><div class=\"wpb_column vc_column_container\"><div class=\"vc_column-inner\"><div class=\"wpb_text_column us_custom_f4905d5a\"><div class=\"wpb_wrapper\"><p>Angeh\u00f6rige, \u00c4rzte, Freunde und Nachbarn werden mit in die Pflege einbezogen.<\/p>\n<\/div><\/div><div class=\"w-separator size_small\"><\/div><div class=\"wpb_text_column us_custom_f4905d5a\"><div class=\"wpb_wrapper\"><p>Wir stehen in einer vertrauensvollen Wechselbeziehung zu \u00c4rzten, Kliniken, sozialen Diensten, Beh\u00f6rden und sonstigen Einrichtungen. Pflegende Angeh\u00f6rige werden auf Wunsch von uns fachlich unterst\u00fctzt und beraten.<\/p>\n<\/div><\/div><div class=\"w-separator size_small\"><\/div><div class=\"wpb_text_column us_custom_2a3d16c8\"><div class=\"wpb_wrapper\"><p>Wir stimmen unseren Dienstplan auf die individuellen W\u00fcnsche unserer Patienten ab.<\/p>\n<\/div><\/div><\/div><\/div><\/div><\/div><\/section><section class=\"l-section wpb_row us_custom_9ccc05f2 height_small\"><div class=\"l-section-h i-cf\"><div class=\"g-cols vc_row via_grid cols_1 laptops-cols_inherit tablets-cols_inherit mobiles-cols_1 valign_top type_default stacking_default\"><div class=\"wpb_column vc_column_container\"><div class=\"vc_column-inner\"><div class=\"wpb_text_column us_custom_8b3d6790 has_text_color\"><div class=\"wpb_wrapper\"><h2 style=\"text-align: center;\">Der Patient steht im Mittelpunkt unseres Handels.<\/h2>\n<\/div><\/div><\/div><\/div><\/div><\/div><\/section><section class=\"l-section wpb_row height_small\"><div class=\"l-section-h i-cf\"><div class=\"g-cols vc_row via_grid cols_2 laptops-cols_inherit tablets-cols_inherit mobiles-cols_1 valign_top type_default stacking_default\"><div class=\"wpb_column vc_column_container\"><div class=\"vc_column-inner\"><div class=\"wpb_text_column\"><div class=\"wpb_wrapper\"><p>Wir sichern die hohe Qualit\u00e4t unserer Leistung durch allgemeing\u00fcltige und individuelle Pflegestandards die st\u00e4ndig dem allgemein anerkannten Stand medizinisch-pflegerischer Erkenntnisse angepasst werden.<\/p>\n<\/div><\/div><div class=\"w-separator size_small\"><\/div><div class=\"wpb_text_column us_custom_9478644d\"><div class=\"wpb_wrapper\"><p>Durch die st\u00e4ndige Fort- und Weiterbildung erhalten die Mitarbeiter die Bef\u00e4higung und die Aufgabe, die Pflegequalit\u00e4t zu sichern. Neuste Erkenntnisse der Pflegeforschung sind dabei mit einzubeziehen.<\/p>\n<\/div><\/div><div class=\"w-separator size_small\"><\/div><div class=\"wpb_text_column us_custom_9478644d\"><div class=\"wpb_wrapper\"><p>Wir sind ein zukunfts-, kunden- und mitarbeiterorientiertes Dienstleistungsunternehmen. Wir bieten oder vermitteln Bed\u00fcrftigen Unterst\u00fctzung und umfassende Hilfe rund um die Uhr.<\/p>\n<\/div><\/div><\/div><\/div><div class=\"wpb_column vc_column_container\"><div class=\"vc_column-inner\"><\/div><\/div><\/div><\/div><\/section><section class=\"l-section wpb_row us_custom_eac59c77 height_small\"><div class=\"l-section-h i-cf\"><div class=\"g-cols vc_row via_grid cols_1 laptops-cols_inherit tablets-cols_inherit mobiles-cols_1 valign_top type_default stacking_default\"><div class=\"wpb_column vc_column_container\"><div class=\"vc_column-inner\"><div class=\"wpb_text_column\"><div class=\"wpb_wrapper\"><h3 style=\"text-align: center;\"><strong>Wir helfen gern.<\/strong><\/h3>\n<\/div><\/div><\/div><\/div><\/div><\/div><\/section><section class=\"l-section wpb_row us_custom_eac59c77 height_small\"><div class=\"l-section-h i-cf\"><div class=\"g-cols vc_row via_grid cols_2 laptops-cols_inherit tablets-cols_inherit mobiles-cols_1 valign_top type_default stacking_default\"><div class=\"wpb_column vc_column_container\"><div class=\"vc_column-inner\"><\/div><\/div><div class=\"wpb_column vc_column_container\"><div class=\"vc_column-inner\"><div class=\"wpb_text_column\"><div class=\"wpb_wrapper\"><p>Der Erfolg unserer Arbeit h\u00e4ngt von der Eigeninitiative, Einsatzbereitschaft und Mitverantwortung unserer Mitarbeiterinnen ab. Unsere Mitarbeiter werden an Entscheidungsprozessen beteiligt.<\/p>\n<\/div><\/div><div class=\"w-separator size_small\"><\/div><div class=\"wpb_text_column us_custom_9478644d\"><div class=\"wpb_wrapper\"><p>Wir sind ein zukunfts-, kunden- und mitarbeiterorientiertes Dienstleistungsunternehmen. Wir bieten oder vermitteln Bed\u00fcrftigen Unterst\u00fctzung und umfassende Hilfe rund um die Uhr.<\/p>\n<\/div><\/div><div class=\"w-separator size_small\"><\/div><div class=\"wpb_text_column us_custom_9478644d\"><div class=\"wpb_wrapper\"><p>Unsere Mitarbeiter sind f\u00fcr die von Ihnen erbrachten Leistungen verantwortlich.<\/p>\n<\/div><\/div><\/div><\/div><\/div><\/div><\/section><section class=\"l-section wpb_row us_custom_9ccc05f2 height_small\"><div class=\"l-section-h i-cf\"><div class=\"g-cols vc_row via_grid cols_1 laptops-cols_inherit tablets-cols_inherit mobiles-cols_1 valign_top type_default stacking_default\"><div class=\"wpb_column vc_column_container\"><div class=\"vc_column-inner\"><div class=\"wpb_text_column us_custom_8b3d6790 has_text_color\"><div class=\"wpb_wrapper\"><h3 style=\"text-align: center;\">Mit liebevoller Pflege und einem hohen Ma\u00df an Professionalit\u00e4t sichern wir die fachgerechte Kranken- und Altenpflege.<\/h3>\n<\/div><\/div><\/div><\/div><\/div><\/div><\/section>\n","protected":false},"excerpt":{"rendered":"[vc_custom_heading text=\"Unser Pflegeleitbild\" use_theme_fonts=\"yes\" css=\"%7B%22default%22%3A%7B%22color%22%3A%22_header_middle_bg%22%7D%7D\"]Wir verstehen Pflege als Hilfestellung f\u00fcr ein selbst bestimmtes Leben. Unseren Patienten erm\u00f6glichen wir gr\u00f6\u00dftm\u00f6gliche Wahlm\u00f6glichkeiten in der Gestaltung ihres Tagesablaufes. [vc_custom_heading text=\"Wir orientieren unsere Pflege an einem ganzheitlichen Menschenbild.\" font_container=\"tag:p|text_align:left\" use_theme_fonts=\"yes\"][vc_custom_heading text=\"Wir wollen, dass sich unsere Patienten wohl f\u00fchlen, dazu wollen wir durch freundliches und kompetentes Auftreten beim Patienten beitragen.\"...","protected":false},"author":1,"featured_media":0,"parent":0,"menu_order":0,"comment_status":"closed","ping_status":"closed","template":"","meta":{"footnotes":""},"class_list":["post-126","page","type-page","status-publish","hentry"],"_links":{"self":[{"href":"http:\/\/www.pflegedienst-strigan.de\/index.php?rest_route=\/wp\/v2\/pages\/126","targetHints":{"allow":["GET"]}}],"collection":[{"href":"http:\/\/www.pflegedienst-strigan.de\/index.php?rest_route=\/wp\/v2\/pages"}],"about":[{"href":"http:\/\/www.pflegedienst-strigan.de\/index.php?rest_route=\/wp\/v2\/types\/page"}],"author":[{"embeddable":true,"href":"http:\/\/www.pflegedienst-strigan.de\/index.php?rest_route=\/wp\/v2\/users\/1"}],"replies":[{"embeddable":true,"href":"http:\/\/www.pflegedienst-strigan.de\/index.php?rest_route=%2Fwp%2Fv2%2Fcomments&post=126"}],"version-history":[{"count":42,"href":"http:\/\/www.pflegedienst-strigan.de\/index.php?rest_route=\/wp\/v2\/pages\/126\/revisions"}],"predecessor-version":[{"id":313,"href":"http:\/\/www.pflegedienst-strigan.de\/index.php?rest_route=\/wp\/v2\/pages\/126\/revisions\/313"}],"wp:attachment":[{"href":"http:\/\/www.pflegedienst-strigan.de\/index.php?rest_route=%2Fwp%2Fv2%2Fmedia&parent=126"}],"curies":[{"name":"wp","href":"https:\/\/api.w.org\/{rel}","templated":true}]}}